*3 - r + 2*r - 5 - r**d. List the prime factors of t(7).
2
Let p(m) = -m**2 - 7*m - 7. Suppose 0 - 25 = 5*h. What are the prime factors of p(h)?
3
Let o(h) = 0*h - 2 - 2*h + 1 + h. Let t(m) = m + 2. Let w be t(-6). What are the prime factors of o(w)?
3
Let o(m) be the second derivative of -m**5/20 + 3*m**4/4 + m**3/6 + 7*m**2/2 + 2*m. Let x be o(9). Suppose x = a + a. List the prime factors of a.
2
List the prime factors of -2*(2 - 1) + 16 - 2.
2, 3
Suppose -5*d + 1 = -4*d. Let g(q) = 10*q**2 + 2*q - 1. List the prime factors of g(d).
11
Let u(h) = -h + 14. Let f(v) = -v**2 + 6*v + 1. Let t be f(5). List the prime factors of u(t).
2
Suppose -2*t - 195 = 5*w - 15, -3*w = -4*t + 108. Suppose 0 = 5*k, -2*v + 0*v - k - 50 = 0. Let b = v - w. What are the prime factors of b?
11
Let q(m) = -8*m - 2. What are the prime factors of q(-5)?
2, 19
Suppose 0*f = 3*f + 2*a - 304, 4*a - 200 = -2*f. Suppose -5*b + f = g - 11, -2*g - 73 = -3*b. List the prime factors of b.
23
Let u = 6 - 0. Suppose -u = -2*r + 4*r. Let l = 5 + r. List the prime factors of l.
2
Let h be 2/8 + 690/24. Let z = 20 - h. Let g = 14 + z. What are the prime factors of g?
5
List the prime factors of (-400)/75*(-43 - -1).
2, 7
Let w(y) = y**3 - 6*y**2 + 7*y - 2. Let f(h) = 2*h**2 - 5*h + 2. Let m be f(3). Let i be w(m). What are the prime factors of (-10)/6*(2 - i)?
2, 5
Suppose 3*a - 6*a + 6 = 0. Suppose -12 = -4*o + 8. Let m = o + a. List the prime factors of m.
7
Let v(m) = -6*m + 9. Let p be v(-7). Suppose 4*i - i = p. What are the prime factors of i?
17
Let p = -3 - -8. Suppose -7 = w - p*m, -4*w - m + 20 = -57. What are the prime factors of w?
2, 3
Suppose 0 = -q - 1, -7*h + 3*h + 5*q = -297. List the prime factors of h.
73
Suppose 278 = 3*f + 2*d, -3*d = -2*f + 12 + 169. List the prime factors of f.
2, 23
Suppose 377 = 5*q - 93. Let a = -54 + q. Suppose 3*d + 2*k = 33, 5*k - 11 = -4*d + a. List the prime factors of d.
3
What are the prime factors of 835/30 + (-1)/(-6)?
2, 7
Suppose 30 = -0*z + 3*z. Suppose 5*r = -p - 2*p - 85, r + 2*p + z = 0. Let i = -4 - r. List the prime factors of i.
2
Let d be -2 + 720 - (-2 + 0). Suppose -t = 4*t - d. What are the prime factors of 4/10 - t/(-15)?
2, 5
Suppose -5*t - 63 = -2*t. Let n = -13 - t. What are the prime factors of n?
2
Suppose z + 2*i = 17, 2*z - 4*i - 9 = -3*i. Suppose 5*p = z*p - 30. List the prime factors of p.
3, 5
Let l(u) = 4*u - 4. Let h be l(4). Let w = 2 + h. What are the prime factors of w?
2, 7
Let a(q) = -q + 9 + q - q**2 - q. Suppose -k + 0*k = 0. What are the prime factors of a(k)?
3
Let z(b) = -4 + b + b**2 + 3 + 0*b. What are the prime factors of z(-4)?
11
List the prime factors of (1 - 112)/3*-2*2.
2, 37
Suppose -63 + 21 = -2*x. Suppose 83 = 2*k + x. List the prime factors of k.
31
Suppose -20*n = -23*n + 330. List the prime factors of n.
2, 5, 11
Suppose 3*n - 5*n = -h + 95, 0 = 5*n. List the prime factors of h.
5, 19
Suppose -j = 3*a + 4, 5*a = 3*j + 13 - 1. Let o be ((-1)/2 - 0)*a. List the prime factors of 2 - (2*-2 + o).
2, 3
Let c(p) = -p**3 + 6*p**2 + 7*p - 1. Let j be c(7). List the prime factors of ((-27)/12 + j)*-4.
13
Let p be (4/(-6))/(2/24). Let z(s) = 2*s**3 + 8*s**2 - s + 9. Let u(y) = y**3 - y - 1. Let w(c) = -u(c) + z(c). List the prime factors of w(p).
2, 5
Let b(n) = -n**3 + 9*n**2 - 9*n + 10. Let l be b(8). Suppose -l*i = 13 - 45. List the prime factors of i.
2
Suppose 2*t + 36 = w, 4*w - 4*t - 192 = -w. What are the prime factors of 4 + w + 3 + -3?
2, 11
Suppose -w + 2*h + 119 = 0, 2*h = -2*w - h + 224. List the prime factors of w.
5, 23
Suppose -3*q - 58 = -7*q - 3*f, 0 = -5*q + 4*f + 88. What are the prime factors of q?
2
Suppose 53 + 35 = 2*h. List the prime factors of h.
2, 11
Let k(p) = -p**3 + 5*p**2 + 8*p - 7. Let z = -6 - -12. List the prime factors of k(z).
5
Let m(r) = -5*r**2 + 4*r + 4. Let x(p) = 15*p**2 - 11*p - 11. Let q(f) = 11*m(f) + 4*x(f). List the prime factors of q(-1).
5
Let r(u) = u**2 + 3*u + 10. What are the prime factors of r(9)?
2, 59
Let j = 16 + -12. Let w(f) = f**3 - 6*f**2 + 5*f + 2. Let s be w(5). Suppose -j*h + 16 = -s*y, -2*y - 6 = 2*h - h. List the prime factors of h.
2
Let z(s) = -s + 4. Let d be z(7). Let b be ((-14)/d)/((-3)/9). Let q = b - -24. List the prime factors of q.
2, 5
Suppose -18*s + 13*s + 515 = 0. List the prime factors of s.
103
Suppose -5*t = -135 + 10. What are the prime factors of t?
5
Let n(q) = q**3 + 7*q**2 - q - 4. Let c be n(-7). Suppose 2*g = g - c. List the prime factors of g + -2*(-34)/4.
2, 7
Let a = -95 + 57. Let j = 62 + a. List the prime factors of j.
2, 3
Let m be 2/4 + 9/2. Suppose 0*r + 5*r - m = 0. Suppose -2*o - r = -2*s + 3, 0 = -4*o + 20. List the prime factors of s.
7
Let f be (-6)/(-21) - 19/(-7). Suppose 0 = -f*d + j + 54, -d = 3*d - 2*j - 70. What are the prime factors of d?
19
Suppose 2*h + 2 + 1 = 5*p, -3*h + 8 = -5*p. Suppose h = 3*n - 7. What are the prime factors of n?
2, 3
Suppose -s + 4 = 2. List the prime factors of -2 + 3 - (-28)/s.
3, 5
Suppose 66 = a - 3*i, -3*a + 218 = -5*i - 0*i. What are the prime factors of a?
3
Suppose -4*d - 14 = -3*v - 2*d, 5*v = 2*d + 18. What are the prime factors of v?
2
Suppose 4 = 2*p, -3*g - 3*p = 2*g - 116. Suppose -g = -c + 3*b, c - b = -0*b + 16. List the prime factors of c.
13
Suppose 0*j - 2*b + 53 = j, -4*b + 12 = 0. What are the prime factors of j?
47
Suppose k - 2*k + 8 = 0. Let d = k + -5. Suppose 2 = -d*r + 14. What are the prime factors of r?
2
Suppose -c - 140 = -6*c. Let s = -4 + c. List the prime factors of s.
2, 3
Let f be 3/(-2)*4/(-3). Suppose -f*q + 3 = -7. Suppose 0*y = -q*y + 60. What are the prime factors of y?
2, 3
Let f(t) = -14*t - 35. What are the prime factors of f(-6)?
7
Suppose 6 = 4*c + 10. What are the prime factors of -3 + c - (-6 + -37)?
3, 13
Let r = -8 + 18. Suppose 0*p + 5*p = r. What are the prime factors of p?
2
Suppose 0 = m - 0*m - 37. What are the prime factors of m?
37
Let a = 4 + -2. Suppose 3*w + 12 = 4*j, -24 = -2*j + a*w - 5*w. List the prime factors of j.
2, 3
Let y = -15 - -19. Suppose 2*w + y = -0*w, 0 = -4*i - 5*w + 118. What are the prime factors of i?
2
Suppose -z + 5*v = -53, -4*z = 2*v + 2*v - 188. What are the prime factors of z?
2, 3
Suppose -4*i + v = -737, -v = -4*i + 4*v + 725. What are the prime factors of i?
5, 37
Let z be 19/7 + 2/7. Suppose z*v - 1 = 2*v. Let b(n) = 8*n**2 - 1. List the prime factors of b(v).
7
Let y(t) = t**2 + 4*t - 3. Suppose 2*h - 6*l - 16 = -2*l, 2*l = -3*h. Suppose -3 = h*n + 9. What are the prime factors of y(n)?
3
Let j = 2 + -1. Suppose -j - 1 = -2*w. Let q = 5 - w. What are the prime factors of q?
2
Let i = 7 + -2. Suppose f - 8 = -z, 2*f + 25 = -i*z + 56. Suppose 26 = f*k + 5. List the prime factors of k.
7
Let v = -71 + 38. Let l = 9 - v. List the prime factors of l.
2, 3, 7
Let k(a) = 3*a + 3. Let v be k(6). Let o = 45 + -27. Suppose 3*y = 5*l - v, -l = 2*y + 2*y - o. What are the prime factors of l?
2, 3
Let p(l) = 4*l + 6. Let c(u) = -4*u - 5. Let w(x) = -4*c(x) - 3*p(x). List the prime factors of w(5).
2, 11
Suppose l = -3*u + 22, 5*l - 20 = -3*u + 3*l. Let n(m) = m**2 - 7*m - 6. What are the prime factors of n(u)?
2
Suppose -2*x = 7*m - 2*m - 38, -x + 19 = -m. List the prime factors of x.
19
Let d(b) = 2*b - 3. Let o = 7 + -1. What are the prime factors of d(o)?
3
Let i = -80 + 110. What are the prime factors of i?
2, 3, 5
What are the prime factors of (-524)/(-14) - (-4)/7?
2, 19
Let j(s) = s**2 + 5*s - 18. What are the prime factors of j(5)?
2
Let b(k) = 2*k**2 + 2*k + 11. What are the prime factors of b(-6)?
71
Suppose -4*v - c - 13 = v, -5*c = 2*v - 4. Let d be (-2)/6 + (-13)/v. Suppose 17 = 3*o - d. List the prime factors of o.
7
Suppose i - f - 75 = -3*f, -4*i + 287 = -5*f. List the prime factors of i.
73
Suppose 0 = -4*f - 5*p + 1232, f - 184 = 3*p + 124. List the prime factors of f.
2, 7, 11
Suppose -g + 3 = 0, -5*g + 107 = 5*i - i. Suppose 0 = t + 4*l - i, 3*t - l + 12 - 68 = 0. What are the prime factors of t?
19
Suppose -5*k + 5*n + 640 = 10, -5*n = k - 144. List the prime factors of k.
3, 43
Let r be (5 + -1)*(-3 - -2). Let u be -2*1*6/r. Suppose -f + 16 = u*f. List the prime factors of f.
2
Suppose -4*f = -5*a + 2015, 2*a - 5*f = -0*f + 806. List the prime factors of